4))/(-3).
15
Let b = 2 + -2. Suppose 2*i - 4*i + 178 = b. Suppose -4*a + 43 = 3*d, -5*d + i = -d - a. What is the remainder when d is divided by 6?
3
Suppose 41 = n + j, 75*n - 115 = 72*n - j. Calculate the remainder when (1 - 1) + 1 - -71 is divided by n.
35
Let h(i) = i**3 + 4*i**2 - 4*i - 2. Let b(s) = -s**3 + s**2 - s - 4. Let u be b(0). What is the remainder when h(u) is divided by 8?
6
Suppose 4*m = -3*k - k - 76, -5*m - 95 = 4*k. Let o = 63 + -34. Let w = m + o. What is the remainder when 38 is divided by w?
8
Let g = 29 + -42. Let y = g + 21. What is the remainder when (-2)/4*(-22)/1 is divided by y?
3
Suppose 7*p - 8*p = -5. Suppose -o + p + 23 = 0. Calculate the remainder when o is divided by 10.
8
Suppose -559 = -20*o + 301. Calculate the remainder when 208 is divided by o.
36
Let j(g) = 2*g + 4. Let c be j(7). Suppose -2*t = a + 6, c = -3*a + 3*t - 9. Calculate the remainder when 19 is divided by 2/a + 58/8.
5
Let z be (-2)/(-6)*(-525)/7. Let x = 35 + z. Calculate the remainder when 6/x + (-2592)/(-30) is divided by 30.
27
Let m(p) = -p**3 + 4*p**2 + 21*p - 39. Suppose 4*y + 4*c + 156 = 0, -4*c = -5*c + 1. Let r = 17 - y. What is the remainder when r is divided by m(6)?
12
Suppose -608 - 1672 = 15*s. Let k = s - -158. Calculate the remainder when 13 + (4 - (4 + -2)) is divided by k.
3
Calculate the remainder when 2/(6/33)*3 is divided by (105/70)/(37/34 + -1).
16
What is the remainder when 47 is divided by 2/13 - 1392/(-78)?
11
What is the remainder when 38 is divided by (-8)/(-256)*8 - (-190)/8?
14
Let y = -50 - -91. Suppose -4*p - 5 = 55. What is the remainder when y is divided by (4/p)/2 - (-636)/45?
13
Let s be 5 - (-60 + 1 + 3). What is the remainder when -1*(-4 + 6 - s) is divided by 10?
9
Let g be (6 + 0)*4/(-6). Let q = g + 6. Suppose 2*c - q = 16. What is the remainder when c is divided by 4?
1
Suppose 3*u - 3 = -5*s, 2*s + 0*s + 14 = -5*u. Suppose -2 - 7 = -y. What is the remainder when y is divided by 2/4 - 14/u?
1
Let v(b) = -5*b**2 + 2*b + 1. Let y be v(-1). Let d = 7 + y. Let o = 5 + d. What is the remainder when 17 is divided by o?
5
Let y(f) = -f**2 - 6*f + 1. Let j be y(2). What is the remainder when (-136)/(-5) - ((-3)/j + 0) is divided by 3?
0
Suppose -11*l + 383 = -13. What is the remainder when l is divided by 28?
8
Let y(q) = -q**3 - 7*q**2 - 3*q + 34. Let d(n) = -79*n - 1. What is the remainder when d(-1) is divided by y(-6)?
14
Suppose 25*s - 11*s = 714. Calculate the remainder when s is divided by 12.
3
Suppose 4*r + 78 = 2*d, -2*r = -5*d - 14 + 169. Calculate the remainder when 30 is divided by d.
1
Let p be 2 + 1 - (-1 - -4). Suppose p = -d + 3*d - 54. Suppose 0 = -3*r - 6, -h + 20 = -5*r - 0*r. What is the remainder when d is divided by h?
7
Let p be 690/35 - 4/(-14). Let i = p + -26. Calculate the remainder when 76 + i/(-1 - -3) is divided by 19.
16
Suppose -3*j = -5*v - 125, -107 = 2*v + 2*v - j. Let a = v + 35. Calculate the remainder when a is divided by 3.
1
Calculate the remainder when (-18)/(-12)*(580/15 - -2) is divided by 31.
30
Let w = 29 + -15. Let l = 29 - 25. Calculate the remainder when w is divided by 15/2 - l*(-5)/40.
6
Let u(v) = v - 2. Let j be 111/21 + (-6)/21. Let o be u(j). Suppose 4*b + 25 = o*h, 3*b - b + 20 = 2*h. Calculate the remainder when 42 is divided by h.
12
Suppose 4*s + 20 = -4*t, 4*t = 4*s + 6*t + 10. Suppose -2*k = 3*q - s*k - 32, q - 3*k = 29. What is the remainder when 81 is divided by q?
11
Suppose 2*z - 34 + 0 = 0. Suppose -65 + z = 3*m. Calculate the remainder when 6 is divided by 4 + (-8)/(m/(-4)).
0
Let q(h) = -2*h**3 - 65*h**2 - 44*h - 22. What is the remainder when q(-32) is divided by 41?
34
Suppose 28*h - 1678 - 114 = 0. Calculate the remainder when h is divided by 33.
31
Suppose 0 = -8*h + 5*h + 4*j + 54, -104 = -5*h + 2*j. Calculate the remainder when 99 is divided by h.
11
Let i(g) = -g**3 - 5*g**2 + 3*g + 3. Let j(o) = -2*o**3 + 74*o**2 - 69*o - 25. What is the remainder when j(36) is divided by i(-6)?
20
Let m be (-2)/((-10)/(-25)) + 971. Suppose a = 8*a - m. Calculate the remainder when a is divided by 14.
12
Let h(w) = w**3 + 9*w**2 - 25*w - 245. What is the remainder when h(-8) is divided by 14?
5
Let o(w) = w**3 - 4*w**2 + 8*w + 14. What is the remainder when o(5) is divided by 64?
15
Let j = -36 - -39. Suppose t = 6*t + 5*a - 25, 3*a = j*t + 3. Calculate the remainder when 8 is divided by t.
0
Let f(r) = -r**3 - 3*r**2 - 2. Let n = -20 + 24. Suppose -20 = -2*g + n*m, 2*m + 11 = -3*g + 33. What is the remainder when f(-4) is divided by g?
6
Let c = 157 - 72. What is the remainder when c is divided by 46?
39
Let k(z) = z**3 + z**2 - 6*z + 6. Let j be k(5). Let r = j + -80. Calculate the remainder when 18 is divided by 4/10 + r/10.
3
Let g(c) = c**3 + 9*c**2 - 7*c - 5. Let b be g(-10). Let m = -18 - b. Calculate the remainder when 35 is divided by m - (2 + -4)*1.
16
Suppose -71*p = -69*p - 246. What is the remainder when p is divided by 42?
39
Suppose 2*q + 82 - 110 = 0. Let a(h) = 20*h - 2. Let z(u) = 40*u - 5. Let r(g) = -10*a(g) + 4*z(g). What is the remainder when r(-1) is divided by q?
12
Let h(y) = 3*y**2 - 46*y + 35. What is the remainder when 228 is divided by h(15)?
8
Let d = 27 + 0. Suppose -3*c - 48 = -3*b, 5*b - 12 - 58 = -5*c. What is the remainder when d is divided by b?
12
Let r(b) = 2*b**3 - 22*b**2 + 3. Let f be r(11). Suppose 0 = f*l + 5*j - 113, 2*l - 8*j - 42 = -3*j. Calculate the remainder when 150 is divided by l.
26
Suppose -11*r = -9*r. Suppose r = -4*y + 7*h - 2*h + 62, 5*y - 84 = 3*h. What is the remainder when y is divided by 8?
2
Let g = 201 + -173. Calculate the remainder when 76 is divided by g.
20
Suppose 3*k + 87 = a - 2*k, 4*a + 4*k - 228 = 0. Suppose i - 2*n = 6*i - a, 4*i - 76 = 5*n. Calculate the remainder when i is divided by 9.
5
Let j(q) = q + 0*q + 51 - 2*q. Calculate the remainder when j(-15) is divided by 17.
15
Let t(m) = -2*m**2 + 11*m + 39. Let x(p) = p**2 - 6*p - 19. Let y(h) = -3*t(h) - 5*x(h). What is the remainder when y(12) is divided by 22?
20
Calculate the remainder when ((-4316)/(-39))/(3 - 14/6) is divided by 34.
30
Suppose -6*k + 213 = 32*k - 699. Let j(o) = -14*o**3 + o**2 - o. Let c be j(1). What is the remainder when (-626)/c + (-4)/(-14) is divided by k?
21
Suppose -4*g - 3*d + 7*d + 196 = 0, -254 = -5*g - 4*d. What is the remainder when g is divided by 8?
2
Let u(v) = -v**2 - 5*v + 2. Let m be u(-6). Let w be ((-14)/m)/((-4)/(-8)). Let i = -4 + w. Calculate the remainder when 5 is divided by i.
2
Let v be -4 + 4 - 4 - 48. Let x = 78 + v. What is the remainder when 76 is divided by x?
24
Let m be -3 - (690/45)/(2/3). Let t = 31 + m. Calculate the remainder when (4 - 2)/((-4)/(-26)) is divided by t.
3
Let i(j) be the first derivative of -j**3/3 + j**2/2 + 54*j + 9. What is the remainder when i(0) is divided by 19?
16
Let i = 220 - 147. Let f = i - 61. Let l = -29 - -74. Calculate the remainder when l is divided by f.
9
Suppose -2*r + 150 = 54. Calculate the remainder when r is divided by 35.
13
Let c be (-7)/1*(-54)/(-3). Calculate the remainder when ((-4)/(-3))/((-12)/c) is divided by (-1 + 2)/((-1)/(-8)).
6
Suppose r = -2*r + 87. What is the remainder when r is divided by 17?
12
Let v(o) = -3*o**2 - 5*o - 8. Let t(q) = 8*q**2 + 15*q + 24. Let a(i) = -2*t(i) - 7*v(i). Let x = 33 - 10. What is the remainder when a(-4) is divided by x?
22
Suppose 4*j - 42*j + 6080 = 0. Calculate the remainder when j is divided by 39.
4
Let k = -330 + 438. Calculate the remainder when 538 is divided by k.
106
Let v be ((-3)/2)/(9/(-24)). Suppose j + v = -0. Calculate the remainder when j/(-6) - (-320)/15 is divided by 12.
10
Let h = -125 - -136. What is the remainder when 271 is divided by h?
7
Let u(w) = w**3 - 14*w**2 + 16*w + 31. Let o be u(13). Calculate the remainder when ((-8)/8)/((-2)/o) is divided by 18.
17
Suppose 1377 = 10*f - 43. Calculate the remainder when f is divided by 48.
46
Let u = -868 + 1059. What is the remainder when u is divided by 49?
44
Let b(z) = 2*z**2 - 8*z - 6. Let r = -19 - -24. What is the remainder when 9 is divided by b(r)?
1
Suppose -502 = -4*b - 1478. Let h = 373 + b. Calculate the remainder when (h/(-12))/((-5)/20) is divided by 11.
10
Let i(x) = -x**3 + 7*x**2 - 6*x + 5. L